{"id":1221,"date":"2024-05-13T12:48:11","date_gmt":"2024-05-13T12:48:11","guid":{"rendered":"http:\/\/bestdrive.se\/lelu\/?page_id=1221"},"modified":"2024-05-14T08:57:01","modified_gmt":"2024-05-14T08:57:01","slug":"bilverkstad-2","status":"publish","type":"page","link":"https:\/\/bestdrive.se\/lelu\/bilverkstad-2\/","title":{"rendered":"Bilverkstad f\u00f6r personbilar"},"content":{"rendered":"\n<p>I v\u00e5r bilverkstad i Arvidsjaur servar och reparerar vi alla typer av personbilar och l\u00e4ttare fordon som Volvo, Audi, Saab, BMW, Mercedes. I och med ett bra samarbete med Bilbolaget \u00e4r vi specialister p\u00e5 Volvo och via ett samarbete med Boch Car Service s\u00e5 har vi service p\u00e5 alla typer av fordon samt reservdelar och diagnostik.<\/p>\n\n\n\n<figure class=\"wp-block-image\"><img fetchpriority=\"high\" decoding=\"async\" width=\"980\" height=\"361\" src=\"http:\/\/bestdrive.se\/lelu\/wp-content\/uploads\/2024\/05\/bilverkstad-arvidsjaur.jpg\" alt=\"\" class=\"wp-image-1195\" srcset=\"https:\/\/bestdrive.se\/lelu\/wp-content\/uploads\/2024\/05\/bilverkstad-arvidsjaur.jpg 980w, https:\/\/bestdrive.se\/lelu\/wp-content\/uploads\/2024\/05\/bilverkstad-arvidsjaur-300x111.jpg 300w, https:\/\/bestdrive.se\/lelu\/wp-content\/uploads\/2024\/05\/bilverkstad-arvidsjaur-768x283.jpg 768w\" sizes=\"(max-width: 980px) 100vw, 980px\" \/><\/figure>\n","protected":false},"excerpt":{"rendered":"<p>I v\u00e5r bilverkstad i Arvidsjaur servar och reparerar vi alla typer av personbilar och l\u00e4ttare fordon som Volvo, Audi, Saab, BMW, Mercedes. I och med ett bra samarbete med Bilbolaget \u00e4r vi specialister p\u00e5 Volvo och via ett samarbete med Boch Car Service s\u00e5 har vi service p\u00e5 alla typer av fordon samt reservdelar och [&hellip;]<\/p>\n","protected":false},"author":3,"featured_media":0,"parent":0,"menu_order":0,"comment_status":"closed","ping_status":"closed","template":"","meta":{"_acf_changed":false,"footnotes":""},"class_list":["post-1221","page","type-page","status-publish","hentry"],"acf":[],"yoast_head":"<!-- This site is optimized with the Yoast SEO plugin v27.3 - https:\/\/yoast.com\/product\/yoast-seo-wordpress\/ -->\n<title>Bilverkstad f\u00f6r personbilar - Arvidsjaur<\/title>\n<meta name=\"robots\" content=\"index, follow, max-snippet:-1, max-image-preview:large, max-video-preview:-1\" \/>\n<link rel=\"canonical\" href=\"https:\/\/bestdrive.se\/lelu\/bilverkstad-2\/\" \/>\n<meta property=\"og:locale\" content=\"sv_SE\" \/>\n<meta property=\"og:type\" content=\"article\" \/>\n<meta property=\"og:title\" content=\"Bilverkstad f\u00f6r personbilar - Arvidsjaur\" \/>\n<meta property=\"og:description\" content=\"I v\u00e5r bilverkstad i Arvidsjaur servar och reparerar vi alla typer av personbilar och l\u00e4ttare fordon som Volvo, Audi, Saab, BMW, Mercedes. I och med ett bra samarbete med Bilbolaget \u00e4r vi specialister p\u00e5 Volvo och via ett samarbete med Boch Car Service s\u00e5 har vi service p\u00e5 alla typer av fordon samt reservdelar och [&hellip;]\" \/>\n<meta property=\"og:url\" content=\"https:\/\/bestdrive.se\/lelu\/bilverkstad-2\/\" \/>\n<meta property=\"og:site_name\" content=\"LELU AB - Arvidsjaur\" \/>\n<meta property=\"article:modified_time\" content=\"2024-05-14T08:57:01+00:00\" \/>\n<meta property=\"og:image\" content=\"http:\/\/bestdrive.se\/lelu\/wp-content\/uploads\/2024\/05\/bilverkstad-arvidsjaur.jpg\" \/>\n<meta name=\"twitter:card\" content=\"summary_large_image\" \/>\n<meta name=\"twitter:label1\" content=\"Ber\u00e4knad l\u00e4stid\" \/>\n\t<meta name=\"twitter:data1\" content=\"1 minut\" \/>\n<script type=\"application\/ld+json\" class=\"yoast-schema-graph\">{\"@context\":\"https:\\\/\\\/schema.org\",\"@graph\":[{\"@type\":\"WebPage\",\"@id\":\"https:\\\/\\\/bestdrive.se\\\/lelu\\\/bilverkstad-2\\\/\",\"url\":\"https:\\\/\\\/bestdrive.se\\\/lelu\\\/bilverkstad-2\\\/\",\"name\":\"Bilverkstad f\u00f6r personbilar - Arvidsjaur\",\"isPartOf\":{\"@id\":\"https:\\\/\\\/bestdrive.se\\\/lelu\\\/#website\"},\"primaryImageOfPage\":{\"@id\":\"https:\\\/\\\/bestdrive.se\\\/lelu\\\/bilverkstad-2\\\/#primaryimage\"},\"image\":{\"@id\":\"https:\\\/\\\/bestdrive.se\\\/lelu\\\/bilverkstad-2\\\/#primaryimage\"},\"thumbnailUrl\":\"http:\\\/\\\/bestdrive.se\\\/lelu\\\/wp-content\\\/uploads\\\/2024\\\/05\\\/bilverkstad-arvidsjaur.jpg\",\"datePublished\":\"2024-05-13T12:48:11+00:00\",\"dateModified\":\"2024-05-14T08:57:01+00:00\",\"breadcrumb\":{\"@id\":\"https:\\\/\\\/bestdrive.se\\\/lelu\\\/bilverkstad-2\\\/#breadcrumb\"},\"inLanguage\":\"sv-SE\",\"potentialAction\":[{\"@type\":\"ReadAction\",\"target\":[\"https:\\\/\\\/bestdrive.se\\\/lelu\\\/bilverkstad-2\\\/\"]}]},{\"@type\":\"ImageObject\",\"inLanguage\":\"sv-SE\",\"@id\":\"https:\\\/\\\/bestdrive.se\\\/lelu\\\/bilverkstad-2\\\/#primaryimage\",\"url\":\"https:\\\/\\\/bestdrive.se\\\/lelu\\\/wp-content\\\/uploads\\\/2024\\\/05\\\/bilverkstad-arvidsjaur.jpg\",\"contentUrl\":\"https:\\\/\\\/bestdrive.se\\\/lelu\\\/wp-content\\\/uploads\\\/2024\\\/05\\\/bilverkstad-arvidsjaur.jpg\",\"width\":980,\"height\":361},{\"@type\":\"BreadcrumbList\",\"@id\":\"https:\\\/\\\/bestdrive.se\\\/lelu\\\/bilverkstad-2\\\/#breadcrumb\",\"itemListElement\":[{\"@type\":\"ListItem\",\"position\":1,\"name\":\"Home\",\"item\":\"https:\\\/\\\/bestdrive.se\\\/lelu\\\/\"},{\"@type\":\"ListItem\",\"position\":2,\"name\":\"Bilverkstad f\u00f6r personbilar\"}]},{\"@type\":\"WebSite\",\"@id\":\"https:\\\/\\\/bestdrive.se\\\/lelu\\\/#website\",\"url\":\"https:\\\/\\\/bestdrive.se\\\/lelu\\\/\",\"name\":\"BestDrive Arvidsjaur\",\"description\":\"BestDrive Arvidsjaur\",\"publisher\":{\"@id\":\"https:\\\/\\\/bestdrive.se\\\/lelu\\\/#organization\"},\"alternateName\":\"LELU AB\",\"potentialAction\":[{\"@type\":\"SearchAction\",\"target\":{\"@type\":\"EntryPoint\",\"urlTemplate\":\"https:\\\/\\\/bestdrive.se\\\/lelu\\\/?s={search_term_string}\"},\"query-input\":{\"@type\":\"PropertyValueSpecification\",\"valueRequired\":true,\"valueName\":\"search_term_string\"}}],\"inLanguage\":\"sv-SE\"},{\"@type\":\"Organization\",\"@id\":\"https:\\\/\\\/bestdrive.se\\\/lelu\\\/#organization\",\"name\":\"BestDrive Arvidsjaur\",\"alternateName\":\"LELU AB\",\"url\":\"https:\\\/\\\/bestdrive.se\\\/lelu\\\/\",\"logo\":{\"@type\":\"ImageObject\",\"inLanguage\":\"sv-SE\",\"@id\":\"https:\\\/\\\/bestdrive.se\\\/lelu\\\/#\\\/schema\\\/logo\\\/image\\\/\",\"url\":\"https:\\\/\\\/bestdrive.se\\\/lelu\\\/wp-content\\\/uploads\\\/2024\\\/03\\\/grasdalen-logo-e1712575351813.png\",\"contentUrl\":\"https:\\\/\\\/bestdrive.se\\\/lelu\\\/wp-content\\\/uploads\\\/2024\\\/03\\\/grasdalen-logo-e1712575351813.png\",\"width\":145,\"height\":59,\"caption\":\"BestDrive Arvidsjaur\"},\"image\":{\"@id\":\"https:\\\/\\\/bestdrive.se\\\/lelu\\\/#\\\/schema\\\/logo\\\/image\\\/\"}}]}<\/script>\n<!-- \/ Yoast SEO plugin. -->","yoast_head_json":{"title":"Bilverkstad f\u00f6r personbilar - Arvidsjaur","robots":{"index":"index","follow":"follow","max-snippet":"max-snippet:-1","max-image-preview":"max-image-preview:large","max-video-preview":"max-video-preview:-1"},"canonical":"https:\/\/bestdrive.se\/lelu\/bilverkstad-2\/","og_locale":"sv_SE","og_type":"article","og_title":"Bilverkstad f\u00f6r personbilar - Arvidsjaur","og_description":"I v\u00e5r bilverkstad i Arvidsjaur servar och reparerar vi alla typer av personbilar och l\u00e4ttare fordon som Volvo, Audi, Saab, BMW, Mercedes. I och med ett bra samarbete med Bilbolaget \u00e4r vi specialister p\u00e5 Volvo och via ett samarbete med Boch Car Service s\u00e5 har vi service p\u00e5 alla typer av fordon samt reservdelar och [&hellip;]","og_url":"https:\/\/bestdrive.se\/lelu\/bilverkstad-2\/","og_site_name":"LELU AB - Arvidsjaur","article_modified_time":"2024-05-14T08:57:01+00:00","og_image":[{"url":"http:\/\/bestdrive.se\/lelu\/wp-content\/uploads\/2024\/05\/bilverkstad-arvidsjaur.jpg","type":"","width":"","height":""}],"twitter_card":"summary_large_image","twitter_misc":{"Ber\u00e4knad l\u00e4stid":"1 minut"},"schema":{"@context":"https:\/\/schema.org","@graph":[{"@type":"WebPage","@id":"https:\/\/bestdrive.se\/lelu\/bilverkstad-2\/","url":"https:\/\/bestdrive.se\/lelu\/bilverkstad-2\/","name":"Bilverkstad f\u00f6r personbilar - Arvidsjaur","isPartOf":{"@id":"https:\/\/bestdrive.se\/lelu\/#website"},"primaryImageOfPage":{"@id":"https:\/\/bestdrive.se\/lelu\/bilverkstad-2\/#primaryimage"},"image":{"@id":"https:\/\/bestdrive.se\/lelu\/bilverkstad-2\/#primaryimage"},"thumbnailUrl":"http:\/\/bestdrive.se\/lelu\/wp-content\/uploads\/2024\/05\/bilverkstad-arvidsjaur.jpg","datePublished":"2024-05-13T12:48:11+00:00","dateModified":"2024-05-14T08:57:01+00:00","breadcrumb":{"@id":"https:\/\/bestdrive.se\/lelu\/bilverkstad-2\/#breadcrumb"},"inLanguage":"sv-SE","potentialAction":[{"@type":"ReadAction","target":["https:\/\/bestdrive.se\/lelu\/bilverkstad-2\/"]}]},{"@type":"ImageObject","inLanguage":"sv-SE","@id":"https:\/\/bestdrive.se\/lelu\/bilverkstad-2\/#primaryimage","url":"https:\/\/bestdrive.se\/lelu\/wp-content\/uploads\/2024\/05\/bilverkstad-arvidsjaur.jpg","contentUrl":"https:\/\/bestdrive.se\/lelu\/wp-content\/uploads\/2024\/05\/bilverkstad-arvidsjaur.jpg","width":980,"height":361},{"@type":"BreadcrumbList","@id":"https:\/\/bestdrive.se\/lelu\/bilverkstad-2\/#breadcrumb","itemListElement":[{"@type":"ListItem","position":1,"name":"Home","item":"https:\/\/bestdrive.se\/lelu\/"},{"@type":"ListItem","position":2,"name":"Bilverkstad f\u00f6r personbilar"}]},{"@type":"WebSite","@id":"https:\/\/bestdrive.se\/lelu\/#website","url":"https:\/\/bestdrive.se\/lelu\/","name":"BestDrive Arvidsjaur","description":"BestDrive Arvidsjaur","publisher":{"@id":"https:\/\/bestdrive.se\/lelu\/#organization"},"alternateName":"LELU AB","potentialAction":[{"@type":"SearchAction","target":{"@type":"EntryPoint","urlTemplate":"https:\/\/bestdrive.se\/lelu\/?s={search_term_string}"},"query-input":{"@type":"PropertyValueSpecification","valueRequired":true,"valueName":"search_term_string"}}],"inLanguage":"sv-SE"},{"@type":"Organization","@id":"https:\/\/bestdrive.se\/lelu\/#organization","name":"BestDrive Arvidsjaur","alternateName":"LELU AB","url":"https:\/\/bestdrive.se\/lelu\/","logo":{"@type":"ImageObject","inLanguage":"sv-SE","@id":"https:\/\/bestdrive.se\/lelu\/#\/schema\/logo\/image\/","url":"https:\/\/bestdrive.se\/lelu\/wp-content\/uploads\/2024\/03\/grasdalen-logo-e1712575351813.png","contentUrl":"https:\/\/bestdrive.se\/lelu\/wp-content\/uploads\/2024\/03\/grasdalen-logo-e1712575351813.png","width":145,"height":59,"caption":"BestDrive Arvidsjaur"},"image":{"@id":"https:\/\/bestdrive.se\/lelu\/#\/schema\/logo\/image\/"}}]}},"_links":{"self":[{"href":"https:\/\/bestdrive.se\/lelu\/wp-json\/wp\/v2\/pages\/1221","targetHints":{"allow":["GET"]}}],"collection":[{"href":"https:\/\/bestdrive.se\/lelu\/wp-json\/wp\/v2\/pages"}],"about":[{"href":"https:\/\/bestdrive.se\/lelu\/wp-json\/wp\/v2\/types\/page"}],"author":[{"embeddable":true,"href":"https:\/\/bestdrive.se\/lelu\/wp-json\/wp\/v2\/users\/3"}],"replies":[{"embeddable":true,"href":"https:\/\/bestdrive.se\/lelu\/wp-json\/wp\/v2\/comments?post=1221"}],"version-history":[{"count":2,"href":"https:\/\/bestdrive.se\/lelu\/wp-json\/wp\/v2\/pages\/1221\/revisions"}],"predecessor-version":[{"id":1234,"href":"https:\/\/bestdrive.se\/lelu\/wp-json\/wp\/v2\/pages\/1221\/revisions\/1234"}],"wp:attachment":[{"href":"https:\/\/bestdrive.se\/lelu\/wp-json\/wp\/v2\/media?parent=1221"}],"curies":[{"name":"wp","href":"https:\/\/api.w.org\/{rel}","templated":true}]}}